)/(49/(-27097))?
6
Let q(v) = -5276*v**3 - 9*v**2 - 5*v + 16. What is the hundreds digit of q(-2)?
1
Suppose -7*l = 4*l + l. Suppose l = -3*z - g - 576, 4*z - 2*g + 443 = -315. Let s = 329 + z. What is the hundreds digit of s?
1
Suppose 99*f + 705236 = -27*f + 4472636. What is the thousands digit of f?
9
Suppose 2238 = -0*u - 3*u. Let w = u - -320. What is the units digit of -5*(w/15 - 4)?
2
Suppose -l + 11 - 2 = -3*p, 2 = 2*p. What is the tens digit of 9/(2/168*16/l)?
6
Suppose 4*y - 1626 = -2*u, 4*y = -2217*u + 2218*u - 819. What is the units digit of u?
5
Suppose -9*o + 8*o = 0. Suppose 9*n - 13*n = o. Suppose 5*x + n*x - 2*w = 510, 0 = 2*x - w - 205. What is the hundreds digit of x?
1
Let j be 3 - 5/((-25)/(-5)). Suppose 8 + j = 2*l. Suppose -8*h + 147 = -l*h. What is the units digit of h?
9
What is the hundreds digit of (-1641318)/(-154) - (21/77)/(-3)?
6
Let r(c) = 46*c + 5. Let g be r(2). Suppose -5*s + g = -323. Let n = 144 - s. What is the units digit of n?
0
Let r(b) = -b**2 + 4*b + 29. Let n be r(8). Let m(j) = -108*j - 2. What is the units digit of m(n)?
2
Let b = 99 + 1. What is the units digit of 2 + b - 1 - (0 + -1)?
2
Let u be 649 - -2 - (-1 + -3). Let o = u - 427. Let j = o - 159. What is the units digit of j?
9
Let u(a) = 29*a**3 - 2*a**2 - 15*a + 53. What is the thousands digit of u(7)?
9
Let y(r) = -r**2 - 30*r - 132. Let v be y(-24). What is the hundreds digit of 3 - ((-4)/v + (-4038)/9)?
4
Let q = -4461 - -6617. Suppose 4*k = -2*b - 2*b + q, 0 = -3*b - 2*k + 1612. What is the hundreds digit of b?
5
Suppose 1624*k - 3*s = 1628*k - 144613, 108479 = 3*k + 5*s. What is the ten thousands digit of k?
3
Let h(y) = -4 - 4*y + 567*y**2 + 7 - 337*y**2. Let v be h(1). Suppose o = -2*n + 247, -2*n + 9*o + v = 4*o. What is the hundreds digit of n?
1
Let w(p) = 1735*p**2 + 13*p + 124. What is the units digit of w(-4)?
2
Let n = -27077 + 47060. What is the tens digit of n?
8
Suppose -13976 - 47603 = -6*y + 12389. What is the tens digit of y?
2
Let j be 6/((-35)/56 + 1). Suppose -4*n - j*n = -1260. What is the tens digit of n?
6
Suppose -221 + 233 = 4*j. Suppose 5*k - 3*t - 2306 = 0, k - 372 - 82 = -j*t. What is the units digit of k?
0
Let s be 39*-3*50/45. Let i = 429 - s. What is the tens digit of i?
5
Suppose -56*o + 77971 = -42*o - 24201. What is the units digit of o?
8
Suppose -320 = 22*l - 2*l. What is the hundreds digit of (2530/(-40))/(2/l)?
5
Let m(n) be the third derivative of -17/6*n**3 + 1/30*n**5 + 0 + 1/12*n**4 - 21*n**2 + 0*n. What is the tens digit of m(7)?
9
Let w = 8132 - -21481. What is the ten thousands digit of w?
2
Suppose -4*i + o - 59 = 0, 5*i - 3*o - 19 = 7*i. Let v(x) = -11*x - 59. What is the tens digit of v(i)?
9
Let v be (-3)/5 + 54/90. Let q be (3 - v) + (0 - -3). What is the hundreds digit of ((-28)/q)/((-22)/594)?
1
Suppose -r + 5*f + 17195 = 0, -5*r = f - 112297 + 26504. What is the ten thousands digit of r?
1
Let v be 0 - (1 + 6)*4. Let l = 32 + v. What is the units digit of (-25)/(1*(3 - l))?
5
Let f(n) = 2*n**3 + 19664*n**2 + 3*n**3 - n - 19676*n**2 - 11. What is the hundreds digit of f(6)?
6
Let v = 668 + -113. What is the units digit of v?
5
Let u = 53866 + -7503. What is the ten thousands digit of u?
4
Let t = 91 - 164. Let s = -40 + t. Let v = 215 + s. What is the tens digit of v?
0
Suppose p - 57 = 5*q + 4*p, -5*p - 2 = -2*q. Suppose -9*h = 8 + 19. What is the units digit of (4 - -13)/(3*h/q)?
7
Let l(d) = 2*d**2 - d - 8. Let i be l(-2). Suppose 4524 = 3*r - 5*p, 3*r + i*p = 6*r - 4533. What is the thousands digit of r?
1
Let y = 690 - 1558. Let o = 1263 + y. What is the hundreds digit of o?
3
Let n(b) = 670*b**2 - 184*b - 556. What is the hundreds digit of n(-3)?
0
Let f be (6/(-12))/((-6)/101940). Suppose 0 = 6*a - a - 4*u - f, 3*a - 5097 = 2*u. What is the units digit of a?
9
Let b = -497 + 579. Suppose -b = -2*x + p, 2*x - 2*p + 19 = 101. What is the tens digit of x?
4
Let k(y) = y**2 - 6*y - 6. Let a be k(-3). Let o be (108/14)/3 + a/49. What is the tens digit of 94/1 - (o + -2)?
9
Let u(q) = 3 + 3 + 20*q + 1 - 16. Let d be u(-6). Let t = 233 + d. What is the tens digit of t?
0
Let v = 199 + -191. Suppose v*d - 650 = -2*d. What is the units digit of d?
5
Suppose -109*c + 18*c = -2955568 + 63588. What is the units digit of c?
0
Let r(g) = -4*g - 58. Let u be r(13). Let c be ((-2 - -1) + u)/(-1). Let f = 161 - c. What is the units digit of f?
0
Let k(q) be the second derivative of 173*q**3/3 - 79*q**2/2 - 86*q. What is the thousands digit of k(4)?
1
Let j(u) = 10*u - 14. Let v be j(2). Let g(f) = 5*f**2 - 5*f - 10. What is the units digit of g(v)?
0
Suppose -25*o + 214973 + 111056 = 23929. What is the thousands digit of o?
2
Suppose 0 = -4*t + 4*b + 20, 2*t + 4*b + 3 = -5. Suppose 21*r - 329 = -26*r. Suppose -5*g + 50 = -3*d, t*d = -3 - r. What is the units digit of g?
7
Let g be 4*-12*(-1497)/3. Suppose -2*u - g = -14*u. Suppose -16*v + 1076 + u = 0. What is the units digit of v?
2
Let b be (-1)/(-3*5/240 + 0). Suppose 15*k = b*k - 1357. What is the tens digit of k?
5
Suppose 13 = 2*n - 5*y, 8 = 4*n - y - 3*y. Let x be 28*n/(-2) - -2. What is the units digit of (-8)/(2*(-1)/x)?
4
Let z(g) = g**3 + 20*g**2 - 3*g - 20. Let v(r) = -11*r + 317. Let c be v(30). What is the units digit of z(c)?
2
Suppose -3*c + k + k = 160, 3*c = 3*k - 159. Let v = 510 - c. What is the hundreds digit of v?
5
Let f(v) be the first derivative of 37*v**2/2 + 135*v + 89. What is the units digit of f(13)?
6
Suppose -7 + 14 = v. Let s(p) = 14*p + p**2 - 21 - 13*p + v*p. What is the tens digit of s(-15)?
8
Suppose -h = -5*m + 173 - 21420, -m = -4*h + 85102. What is the units digit of h?
7
Let x(c) = -12 + 15*c + 24*c**2 + 1 - 39*c + c**2 - 12. What is the tens digit of x(-7)?
7
Suppose -187*t = 5*x - 185*t - 205046, 0 = 2*x + t - 82018. What is the hundreds digit of x?
0
Let h = 56 + -34. Suppose -3*l - h = -4*f, 0 = -0*f - 2*f + 2. What is the units digit of -4 + 8/4 + (-2 - l)?
2
Let w = -63 - -16. Let x = -49 - w. What is the hundreds digit of (-628)/12*x - 1/(-3)?
1
Suppose -6*w + 1602 = -330. Suppose 5*t = w + 688. What is the hundreds digit of t?
2
Let n be (-45)/(-5)*2/3. Let b(c) = 2*c - 7. Let d be b(n). Let j = 21 - d. What is the tens digit of j?
1
Suppose -4*n - 5*p = -2, 3*n + 0*p - 4 = -5*p. Let w(f) = -91*f - 4. Let z(q) = -45*q - 2. Let s(d) = -4*w(d) + 9*z(d). What is the units digit of s(n)?
0
What is the units digit of ((-7)/84 - 244/(-48)) + 1766?
1
Let g(v) be the second derivative of v**4/6 - 4*v**3/3 + 13*v**2/2 - 19*v + 1. What is the tens digit of g(7)?
5
Let l be (18/15)/((48/2180)/(-6)). Let o = 900 + l. What is the units digit of o?
3
Let t = -28 + 30. Suppose 6*h - 3*h = -2*c + t, 3*h - 3*c = 27. Suppose -147 = -5*a - 0*b - h*b, 4*a + 4*b - 120 = 0. What is the tens digit of a?
2
Let n(d) = -d**2 + 48*d + 83. Let m be ((-312)/91)/((-1)/7). What is the units digit of n(m)?
9
Suppose -6*p + 27379 = -g, -p + 0*g + g + 4564 = 0. What is the units digit of p?
3
Let m be (26 + -14)*304/4. Suppose 2 = d - 2. Suppose -3*p - m = -d*h, h - 228 = -0*p + 2*p. What is the units digit of h?
8
Suppose 121 = 30*f - 119. Suppose -f*n + 3765 = -3*n. What is the units digit of n?
3
Let w(u) = u**2 + 28*u - 50. Let v be w(-30). Suppose v*y = 158 + 382. What is the tens digit of y?
5
Suppose 9*o - 2 = 8*o. Let v(w) = 2*w**3 - 3*w**2 + 2*w. Let c be v(o). Suppose 4*l + 3*z - 279 = 0, -c*l + 3*l + z = -325. What is the units digit of l?
6
Let t(v) = -27*v + 2. Let k be t(3). Let j = 145 + k. What is the units digit of j?
6
Let j = 6824 - -10716. What is the thousands digit of j?
7
Let o(t) = -t**3 - 3*t**2 + 3*t + 6. Let u be o(-3). Let z be -3*3/(u/23). Let f = z + -32. What is the tens digit of f?
3
Let x be ((-3040)/(-25) - 0) + (-3)/5. Let r = 191 - x. Suppose 2*z - r = 302. What is the hundreds digit of z?
1
What is the ten thousands digit of 3/((-18)/(-4)) - 2151384/(-72)?
2
Let q(u) = 28*u**2 + 56*u + 226. What is the units digit of q(21)?
0
Suppose -60*j = 109*j + 53*j - 1529358. What is the hundreds digit of j?
8
Suppose n + 20 = 23. Suppose 2*d + n*q = d + 249, 4*q = 20. What is the units digit of d?
4
Suppose 3*b + 0*b + 6 = 3*t, 2*t + 4*b + 8 = 0. Suppose -3*h + 10*h - 5355 = t. What is the tens digi